0 = 3*u. Calculate the highest common divisor of 6 and u.
6
Let g = 2066 + -808. Calculate the highest common factor of 34 and g.
34
Suppose 6*z + 2310 = 11*z. What is the greatest common factor of 6 and z?
6
Suppose -5*s = -4*f + 280, -4*f = -2*f - 2*s - 138. Let l = 19 + -6. Calculate the greatest common factor of f and l.
13
Suppose -53 - 83 = -4*y. Let i = y - 24. Calculate the highest common divisor of 70 and i.
10
Let v be (8/(-12))/((-2)/9). Suppose 0 = 3*t - 4*r - 38, -2*t - 9 = -t + v*r. What is the greatest common factor of t and 2?
2
Let a(c) = 8*c**2 - 350*c - 1. Let m be a(44). What is the greatest common divisor of 6 and m?
3
Let a(q) = -q**2 - 12*q - 8. Let n be a(-11). Let m be 5 - (1 - 132/n). What is the greatest common factor of 12 and m?
12
Let p(v) = 7*v**2 - 5*v - 9. Let n be p(-3). Let g = -56 + n. Calculate the greatest common factor of 13 and g.
13
Let b(z) = z**2 - 10*z + 13. Let g be 74/5 + 12/60. Let p be b(g). Calculate the highest common factor of p and 44.
44
Let v = -549 + 935. Suppose 5*z - 364 = v. Calculate the greatest common factor of 30 and z.
30
Let x(j) = -j**2 + j + 92. Let d be x(-9). Suppose -110 + 16 = -d*n + 5*a, -4*a - 92 = -2*n. What is the greatest common factor of 70 and n?
14
Suppose -4*b = -3*b + 2*b. Suppose -11*x + 506 = -b*x. What is the greatest common factor of 115 and x?
23
Let x(v) = 139*v - 83. Let q be x(5). Calculate the greatest common factor of q and 34.
34
Let x be (-7 + (2 - 1))/(-60 - -59). Let i(c) = 2*c**3 - 3*c**2 - c. Let m be i(3). What is the greatest common factor of m and x?
6
Suppose -31*d + 104 = -166 - 40. Suppose 0 = -j + 5*j + 8. Let q be (1/(-2))/(j/100). Calculate the highest common factor of q and d.
5
Suppose 5*j = -76*t + 75*t + 104, -4*t + 416 = j. Calculate the greatest common factor of 91 and t.
13
Let b(a) = 2*a. Let w be b(-3). Let s(r) = -r**3 - 6*r**2 - r - 4. Let i be s(w). Let j be 23 + 6/3 + -3. What is the highest common divisor of j and i?
2
Let r(j) = j**3 + 6*j**2 + 4*j + 7. Let i be r(-5). Let l be -30*6*(6 - (-76)/(-12)). Calculate the highest common divisor of l and i.
12
Let x(t) = -2*t**2 - 19*t + 3. Let m be x(-7). Suppose -2*n = 5*j - m, 0 = n + 2*j - 4*j - 28. Let k = -21 + 33. Calculate the highest common factor of n and k.
12
Let r(y) = 4*y**2 + y - 1. Let o be r(-1). Suppose -o*b = -3*b - 4*j + 226, -5*j - 491 = -2*b. What is the greatest common factor of 34 and b?
34
Suppose -5*n = 5*k - k - 94, 5*k - 126 = -2*n. Let u(c) = -2*c**3 - 130*c**2 - 130*c - 63. Let i be u(-64). What is the greatest common factor of i and k?
13
Suppose 4*h = 4*a - 404, 5*a - 387 - 98 = -5*h. What is the highest common factor of a and 81?
9
Let j(m) = -355*m + 5. Let o be j(-1). Let s(d) = 2*d**2 + 11*d - 4. Let i be s(-8). What is the greatest common divisor of i and o?
36
Let m be (-15)/2*32/(-6). Let t(c) = 13*c - 476. Let p be t(37). What is the highest common factor of m and p?
5
Suppose 3*w = -3*f + 3219, 2*f + 24*w - 25*w - 2140 = 0. What is the greatest common factor of f and 63?
63
Let r be 0/(-4) - 5/(-15)*15. Calculate the highest common factor of 265 and r.
5
Suppose 0*a + 5*h + 98 = -3*a, 2*a = 5*h - 82. Let p = -25 - a. Suppose 5*l = l + 44. Calculate the greatest common divisor of l and p.
11
Let n(h) = -66*h + 42. Let l be n(-2). Calculate the greatest common factor of l and 29.
29
Let g(v) = -v**3 - 3*v**2 + 2*v + 16. Let n be g(-5). What is the greatest common divisor of 14 and n?
14
Let z(c) = -c**3 + 6*c**2 + 16*c + 10. Let h be z(-3). What is the highest common factor of 731 and h?
43
Suppose 0 = -5*g + 863 + 2557. What is the greatest common factor of 36 and g?
36
Suppose -2*b = 2*v - 76, 197 = 5*v + 6*b - 8*b. What is the greatest common divisor of 3159 and v?
39
Let v be 1 - ((-2)/10 + 8/(-10)). Suppose -1015 = -9*p + 4*p + v*f, -p + 203 = 5*f. What is the highest common divisor of 29 and p?
29
Let t(j) = 24*j + 50. Let c be t(9). Let m = c + -154. Calculate the highest common factor of m and 16.
16
Suppose 205*l = 202*l + 90. What is the highest common divisor of l and 18?
6
Let q be (-110)/(-7) + (-4)/(-14). Let a = -231 - -400. Let w = -89 + a. What is the highest common factor of q and w?
16
Let t be ((-2)/(4/(-77)))/((-7)/(-14)). Calculate the highest common divisor of t and 11.
11
Suppose -8 = 4*o - 20. Suppose 2*n = 5*i - 9, 2*i - 3*n = -0*i + 8. What is the highest common divisor of i and o?
1
Let o = 80 - 70. What is the highest common factor of 115 and o?
5
Let l(t) = -85*t - 390. Let b be l(-16). Calculate the highest common factor of 10 and b.
10
Let c be (-1)/(-4) + 70/40. Suppose -c = 5*o + 8, -5*y - o = 102. Let p be -6 + 4 - y/2. What is the greatest common divisor of 56 and p?
8
Suppose 27*h - 21*h + 18 = 0. Let j(c) = -2*c - 4. Let o be j(h). Calculate the highest common factor of 4 and o.
2
Let y = 25 - -1. Let s = -18 + y. What is the highest common divisor of s and 56?
8
Let y = -1497 + 1881. What is the greatest common factor of 96 and y?
96
Let f = 1 - -2. Suppose 23*i - 24*i - 2*k + 29 = 0, -2*k - 76 = -4*i. Calculate the highest common divisor of f and i.
3
Suppose 38*r - 1280 = 22*r. What is the greatest common factor of 512 and r?
16
Let v = 22 + -20. Suppose v*m - 132 = 2*z, m = 3*z + 67 + 5. Suppose -4*g + 3 = -5*g - 3*b, 0 = 5*g - 5*b - 65. Calculate the highest common factor of m and g.
9
Let z = 411 + -409. Suppose 4*f - 3*j = 39, -3*f + 6*f = -2*j + 8. What is the greatest common divisor of z and f?
2
Suppose 0 = -4*x + 4*z + 8, -z + 0 = -5*x + 2. Suppose x = 3*s + 9, -l + 0*l + 2*s = -111. Calculate the highest common divisor of 21 and l.
21
Suppose -m - 2*f + 7*f = 13, -2*m - 2*f + 22 = 0. Let d = m + 2. Let o = -10279 + 10306. Calculate the highest common divisor of o and d.
9
Let v(a) = 5*a**2 + 2*a + 1. Let s = 25 + -28. Let u(o) = o**2 + 5*o + 5. Let w be u(s). Let t be v(w). Calculate the greatest common divisor of 24 and t.
4
Let m be ((-285)/(-18) - 2) + 6/36. Suppose -3*a + 4*a = 98. What is the highest common factor of m and a?
14
Let u be ((-40)/140)/((-1)/119). Calculate the greatest common divisor of u and 153.
17
Let m(h) = h**3 - 15*h**2 + 26*h - 16. Let g be m(13). Let c = 0 - g. Calculate the highest common divisor of 8 and c.
8
Let j = -77 + 155. Suppose -3*n - j = -0*n. Let w = n + 47. What is the greatest common divisor of 3 and w?
3
Let k be (2/((-24)/(-114)))/((-2)/(-4)). Suppose -18*d - 35 = -k*d. What is the greatest common factor of 315 and d?
35
Let m = -39 + 42. Suppose 5*t + 2*z + m*z = 675, 3*z + 675 = 5*t. What is the greatest common factor of t and 27?
27
Let t be (14/4)/(1/(-4)). Let c = -559 + 639. Let k = t + c. Calculate the highest common factor of 6 and k.
6
Let x be 658 - ((-8)/(-2) - 11). What is the highest common factor of 105 and x?
35
Suppose 0*q + 5*q - 315 = 0. Let z = -97 + 106. Calculate the highest common factor of z and q.
9
Suppose -149*d + 138*d = -209. What is the greatest common factor of d and 6?
1
Suppose -35*g + 40*g - 240 = 0. Calculate the highest common divisor of g and 432.
48
Let r(n) = -2*n**2. Let j be r(-1). Let a(y) = y**3 + 3*y**2 + y + 1. Let m be a(j). Suppose 3*q - m - 3 = 0. What is the greatest common factor of 1 and q?
1
Let t be (10/(-2))/(2 + -1). Let q be (-112)/(-20) - 2/t. Suppose 2*w + q - 30 = 0. What is the greatest common divisor of w and 3?
3
Let q = -30 - -45. Calculate the greatest common factor of q and 675.
15
Let k(p) = -13*p + 3. Let j(f) = -53*f + 13. Let l(a) = 2*j(a) - 9*k(a). Let o be l(3). What is the highest common factor of o and 96?
32
Let d(a) = 2*a**2 + 5*a - 3. Let f(m) = -m**3 + 12*m**2 + m - 17. Let p be f(12). Let y be d(p). What is the greatest common factor of y and 11?
11
Suppose 4*w - 12 + 16 = 0. Let h be 3*1/((-1)/w). Suppose -2*q + 9 = -5*x - 9, -h*q + 8 = 2*x. Calculate the highest common factor of q and 1.
1
Let b(d) = -d**3 - 4*d**2 + 14*d + 6. Let t be b(-8). Calculate the greatest common factor of 12 and t.
6
Let y be (12/15)/(2*1/135). What is the highest common divisor of y and 27?
27
Let w be 1/(2/144*4). Calculate the greatest common factor of w and 234.
18
Let d(h) = 2*h + 236. Let f be d(10). Calculate the highest common factor of f and 32.
32
Let s = 326 - -312. Calculate the gr